{"id":5987,"date":"2020-05-28T09:07:46","date_gmt":"2020-05-28T09:07:46","guid":{"rendered":"http:\/\/marcosmedina.es\/?page_id=5987"},"modified":"2025-01-24T20:32:13","modified_gmt":"2025-01-24T20:32:13","slug":"everyday-procces","status":"publish","type":"page","link":"https:\/\/www.marcosmedina.es\/?page_id=5987","title":{"rendered":"DESARROLLO DE LO COTIDIANO"},"content":{"rendered":"\n<pre class=\"wp-block-preformatted has-normal-font-size\">Esta serie muestra el proceso de posibles tareas cotidianas en las diferentes estancias de una vivienda a trav\u00e9s de los objetos utilizados. <\/pre>\n\n\n\n<pre class=\"wp-block-preformatted has-normal-font-size\">El detalle esmerado de cada fotograf\u00eda otorga una realidad atemporal de los procesos caracter\u00edsticos en cada habitaci\u00f3n. <\/pre>\n\n\n\n<pre class=\"wp-block-preformatted has-normal-font-size\">La perspectiva cenital consigue atrapar la vista hacia los detalles geom\u00e9tricos, distancias y disposici\u00f3n de los elementos colocados en cada escena. <\/pre>\n\n\n\n<pre class=\"wp-block-preformatted has-normal-font-size\">Se crea un v\u00ednculo entre el proceso en s\u00ed y la manera de mostrarlo sistem\u00e1ticamente con un respeto absoluto por el espacio definido en el encuadre fotogr\u00e1fico.<\/pre>\n\n\n\n<div style=\"height:120px\" aria-hidden=\"true\" class=\"wp-block-spacer\"><\/div>\n\n\n\n<p class=\"has-text-align-center\"><strong>\u00abDESARROLLO DE LO COTIDIANO\u00bb<\/strong><br>(2020)<\/p>\n\n\n\n<div style=\"height:75px\" aria-hidden=\"true\" class=\"wp-block-spacer\"><\/div>\n\n\n\n<p class=\"has-text-align-center\">\u00abCOCINA\u00bb<\/p>\n\n\n<div class=\"wp-block-image\">\n<figure class=\"aligncenter size-large\"><a href=\"https:\/\/www.marcosmedina.es\/wp-content\/uploads\/2018\/12\/DESARROLLO-1-1.jpg\"><img loading=\"lazy\" decoding=\"async\" width=\"1920\" height=\"1458\" src=\"https:\/\/www.marcosmedina.es\/wp-content\/uploads\/2018\/12\/DESARROLLO-1-1-1920x1458.jpg\" alt=\"\" class=\"wp-image-5952\" srcset=\"https:\/\/www.marcosmedina.es\/wp-content\/uploads\/2018\/12\/DESARROLLO-1-1-1920x1458.jpg 1920w, https:\/\/www.marcosmedina.es\/wp-content\/uploads\/2018\/12\/DESARROLLO-1-1-940x714.jpg 940w, https:\/\/www.marcosmedina.es\/wp-content\/uploads\/2018\/12\/DESARROLLO-1-1-431x327.jpg 431w, https:\/\/www.marcosmedina.es\/wp-content\/uploads\/2018\/12\/DESARROLLO-1-1-1536x1167.jpg 1536w, https:\/\/www.marcosmedina.es\/wp-content\/uploads\/2018\/12\/DESARROLLO-1-1-600x456.jpg 600w, https:\/\/www.marcosmedina.es\/wp-content\/uploads\/2018\/12\/DESARROLLO-1-1-500x380.jpg 500w, https:\/\/www.marcosmedina.es\/wp-content\/uploads\/2018\/12\/DESARROLLO-1-1-1135x862.jpg 1135w, https:\/\/www.marcosmedina.es\/wp-content\/uploads\/2018\/12\/DESARROLLO-1-1-547x415.jpg 547w, https:\/\/www.marcosmedina.es\/wp-content\/uploads\/2018\/12\/DESARROLLO-1-1-290x220.jpg 290w, https:\/\/www.marcosmedina.es\/wp-content\/uploads\/2018\/12\/DESARROLLO-1-1.jpg 2000w, https:\/\/www.marcosmedina.es\/wp-content\/uploads\/2018\/12\/DESARROLLO-1-1-600x456@2x.jpg 1200w, https:\/\/www.marcosmedina.es\/wp-content\/uploads\/2018\/12\/DESARROLLO-1-1-547x415@2x.jpg 1094w, https:\/\/www.marcosmedina.es\/wp-content\/uploads\/2018\/12\/DESARROLLO-1-1-290x220@2x.jpg 580w\" sizes=\"(max-width: 799px) 94vw, (max-width: 1023px) 67vw, (max-width: 1365px) 62vw, 1037\" \/><\/a><\/figure><\/div>\n\n\n<p class=\"has-text-align-center has-small-font-size\">ZUMO DE POMELO Y NARANJA<\/p>\n\n\n\n<div style=\"height:100px\" aria-hidden=\"true\" class=\"wp-block-spacer\"><\/div>\n\n\n<div class=\"wp-block-image\">\n<figure class=\"aligncenter size-large\"><a href=\"https:\/\/www.marcosmedina.es\/wp-content\/uploads\/2018\/12\/DESARROLLO-5.jpg\"><img loading=\"lazy\" decoding=\"async\" width=\"1920\" height=\"1458\" src=\"https:\/\/www.marcosmedina.es\/wp-content\/uploads\/2018\/12\/DESARROLLO-5-1920x1458.jpg\" alt=\"\" class=\"wp-image-5949\" srcset=\"https:\/\/www.marcosmedina.es\/wp-content\/uploads\/2018\/12\/DESARROLLO-5-1920x1458.jpg 1920w, https:\/\/www.marcosmedina.es\/wp-content\/uploads\/2018\/12\/DESARROLLO-5-940x714.jpg 940w, https:\/\/www.marcosmedina.es\/wp-content\/uploads\/2018\/12\/DESARROLLO-5-431x327.jpg 431w, https:\/\/www.marcosmedina.es\/wp-content\/uploads\/2018\/12\/DESARROLLO-5-1536x1166.jpg 1536w, https:\/\/www.marcosmedina.es\/wp-content\/uploads\/2018\/12\/DESARROLLO-5-2048x1555.jpg 2048w, https:\/\/www.marcosmedina.es\/wp-content\/uploads\/2018\/12\/DESARROLLO-5-600x456.jpg 600w, https:\/\/www.marcosmedina.es\/wp-content\/uploads\/2018\/12\/DESARROLLO-5-500x380.jpg 500w, https:\/\/www.marcosmedina.es\/wp-content\/uploads\/2018\/12\/DESARROLLO-5-1135x862.jpg 1135w, https:\/\/www.marcosmedina.es\/wp-content\/uploads\/2018\/12\/DESARROLLO-5-547x415.jpg 547w, https:\/\/www.marcosmedina.es\/wp-content\/uploads\/2018\/12\/DESARROLLO-5-290x220.jpg 290w, https:\/\/www.marcosmedina.es\/wp-content\/uploads\/2018\/12\/DESARROLLO-5-600x456@2x.jpg 1200w, https:\/\/www.marcosmedina.es\/wp-content\/uploads\/2018\/12\/DESARROLLO-5-547x415@2x.jpg 1094w, https:\/\/www.marcosmedina.es\/wp-content\/uploads\/2018\/12\/DESARROLLO-5-290x220@2x.jpg 580w\" sizes=\"(max-width: 799px) 94vw, (max-width: 1023px) 67vw, (max-width: 1365px) 62vw, 1037\" \/><\/a><\/figure><\/div>\n\n\n<p class=\"has-text-align-center has-small-font-size\">ENSALADA MEDITERR\u00c1NEA<\/p>\n\n\n\n<div style=\"height:100px\" aria-hidden=\"true\" class=\"wp-block-spacer\"><\/div>\n\n\n<div class=\"wp-block-image\">\n<figure class=\"aligncenter size-large\"><a href=\"https:\/\/www.marcosmedina.es\/wp-content\/uploads\/2018\/12\/DESARROLLO-3.jpg\"><img loading=\"lazy\" decoding=\"async\" width=\"1920\" height=\"1458\" src=\"https:\/\/www.marcosmedina.es\/wp-content\/uploads\/2018\/12\/DESARROLLO-3-1920x1458.jpg\" alt=\"\" class=\"wp-image-5943\" srcset=\"https:\/\/www.marcosmedina.es\/wp-content\/uploads\/2018\/12\/DESARROLLO-3-1920x1458.jpg 1920w, https:\/\/www.marcosmedina.es\/wp-content\/uploads\/2018\/12\/DESARROLLO-3-940x714.jpg 940w, https:\/\/www.marcosmedina.es\/wp-content\/uploads\/2018\/12\/DESARROLLO-3-431x327.jpg 431w, https:\/\/www.marcosmedina.es\/wp-content\/uploads\/2018\/12\/DESARROLLO-3-1536x1166.jpg 1536w, https:\/\/www.marcosmedina.es\/wp-content\/uploads\/2018\/12\/DESARROLLO-3-2048x1555.jpg 2048w, https:\/\/www.marcosmedina.es\/wp-content\/uploads\/2018\/12\/DESARROLLO-3-600x456.jpg 600w, https:\/\/www.marcosmedina.es\/wp-content\/uploads\/2018\/12\/DESARROLLO-3-500x380.jpg 500w, https:\/\/www.marcosmedina.es\/wp-content\/uploads\/2018\/12\/DESARROLLO-3-1135x862.jpg 1135w, https:\/\/www.marcosmedina.es\/wp-content\/uploads\/2018\/12\/DESARROLLO-3-547x415.jpg 547w, https:\/\/www.marcosmedina.es\/wp-content\/uploads\/2018\/12\/DESARROLLO-3-290x220.jpg 290w, https:\/\/www.marcosmedina.es\/wp-content\/uploads\/2018\/12\/DESARROLLO-3-600x456@2x.jpg 1200w, https:\/\/www.marcosmedina.es\/wp-content\/uploads\/2018\/12\/DESARROLLO-3-547x415@2x.jpg 1094w, https:\/\/www.marcosmedina.es\/wp-content\/uploads\/2018\/12\/DESARROLLO-3-290x220@2x.jpg 580w\" sizes=\"(max-width: 799px) 94vw, (max-width: 1023px) 67vw, (max-width: 1365px) 62vw, 1037\" \/><\/a><\/figure><\/div>\n\n\n<p class=\"has-text-align-center has-small-font-size\">TORTILLA DE JAM\u00d3N<\/p>\n\n\n\n<div style=\"height:100px\" aria-hidden=\"true\" class=\"wp-block-spacer\"><\/div>\n\n\n<div class=\"wp-block-image\">\n<figure class=\"aligncenter size-large\"><a href=\"https:\/\/www.marcosmedina.es\/wp-content\/uploads\/2018\/12\/DESARROLLO-2.jpg\"><img loading=\"lazy\" decoding=\"async\" width=\"1920\" height=\"1458\" src=\"https:\/\/www.marcosmedina.es\/wp-content\/uploads\/2018\/12\/DESARROLLO-2-1920x1458.jpg\" alt=\"\" class=\"wp-image-5942\" srcset=\"https:\/\/www.marcosmedina.es\/wp-content\/uploads\/2018\/12\/DESARROLLO-2-1920x1458.jpg 1920w, https:\/\/www.marcosmedina.es\/wp-content\/uploads\/2018\/12\/DESARROLLO-2-940x714.jpg 940w, https:\/\/www.marcosmedina.es\/wp-content\/uploads\/2018\/12\/DESARROLLO-2-431x327.jpg 431w, https:\/\/www.marcosmedina.es\/wp-content\/uploads\/2018\/12\/DESARROLLO-2-1536x1166.jpg 1536w, https:\/\/www.marcosmedina.es\/wp-content\/uploads\/2018\/12\/DESARROLLO-2-2048x1555.jpg 2048w, https:\/\/www.marcosmedina.es\/wp-content\/uploads\/2018\/12\/DESARROLLO-2-600x456.jpg 600w, https:\/\/www.marcosmedina.es\/wp-content\/uploads\/2018\/12\/DESARROLLO-2-500x380.jpg 500w, https:\/\/www.marcosmedina.es\/wp-content\/uploads\/2018\/12\/DESARROLLO-2-1135x862.jpg 1135w, https:\/\/www.marcosmedina.es\/wp-content\/uploads\/2018\/12\/DESARROLLO-2-547x415.jpg 547w, https:\/\/www.marcosmedina.es\/wp-content\/uploads\/2018\/12\/DESARROLLO-2-290x220.jpg 290w, https:\/\/www.marcosmedina.es\/wp-content\/uploads\/2018\/12\/DESARROLLO-2-600x456@2x.jpg 1200w, https:\/\/www.marcosmedina.es\/wp-content\/uploads\/2018\/12\/DESARROLLO-2-547x415@2x.jpg 1094w, https:\/\/www.marcosmedina.es\/wp-content\/uploads\/2018\/12\/DESARROLLO-2-290x220@2x.jpg 580w\" sizes=\"(max-width: 799px) 94vw, (max-width: 1023px) 67vw, (max-width: 1365px) 62vw, 1037\" \/><\/a><\/figure><\/div>\n\n\n<p class=\"has-text-align-center has-small-font-size\">BOQUERONES FRITOS<\/p>\n\n\n\n<div style=\"height:100px\" aria-hidden=\"true\" class=\"wp-block-spacer\"><\/div>\n\n\n<div class=\"wp-block-image\">\n<figure class=\"aligncenter size-large\"><a href=\"https:\/\/www.marcosmedina.es\/wp-content\/uploads\/2018\/12\/DESARROLLO-4.jpg\"><img loading=\"lazy\" decoding=\"async\" width=\"1920\" height=\"1458\" src=\"https:\/\/www.marcosmedina.es\/wp-content\/uploads\/2018\/12\/DESARROLLO-4-1920x1458.jpg\" alt=\"\" class=\"wp-image-5947\" srcset=\"https:\/\/www.marcosmedina.es\/wp-content\/uploads\/2018\/12\/DESARROLLO-4-1920x1458.jpg 1920w, https:\/\/www.marcosmedina.es\/wp-content\/uploads\/2018\/12\/DESARROLLO-4-940x714.jpg 940w, https:\/\/www.marcosmedina.es\/wp-content\/uploads\/2018\/12\/DESARROLLO-4-431x327.jpg 431w, https:\/\/www.marcosmedina.es\/wp-content\/uploads\/2018\/12\/DESARROLLO-4-1536x1166.jpg 1536w, https:\/\/www.marcosmedina.es\/wp-content\/uploads\/2018\/12\/DESARROLLO-4-2048x1555.jpg 2048w, https:\/\/www.marcosmedina.es\/wp-content\/uploads\/2018\/12\/DESARROLLO-4-600x456.jpg 600w, https:\/\/www.marcosmedina.es\/wp-content\/uploads\/2018\/12\/DESARROLLO-4-500x380.jpg 500w, https:\/\/www.marcosmedina.es\/wp-content\/uploads\/2018\/12\/DESARROLLO-4-1135x862.jpg 1135w, https:\/\/www.marcosmedina.es\/wp-content\/uploads\/2018\/12\/DESARROLLO-4-547x415.jpg 547w, https:\/\/www.marcosmedina.es\/wp-content\/uploads\/2018\/12\/DESARROLLO-4-290x220.jpg 290w, https:\/\/www.marcosmedina.es\/wp-content\/uploads\/2018\/12\/DESARROLLO-4-600x456@2x.jpg 1200w, https:\/\/www.marcosmedina.es\/wp-content\/uploads\/2018\/12\/DESARROLLO-4-547x415@2x.jpg 1094w, https:\/\/www.marcosmedina.es\/wp-content\/uploads\/2018\/12\/DESARROLLO-4-290x220@2x.jpg 580w\" sizes=\"(max-width: 799px) 94vw, (max-width: 1023px) 67vw, (max-width: 1365px) 62vw, 1037\" \/><\/a><\/figure><\/div>\n\n\n<p class=\"has-text-align-center has-small-font-size\">GELATINA DE FRESA<\/p>\n\n\n\n<div style=\"height:100px\" aria-hidden=\"true\" class=\"wp-block-spacer\"><\/div>\n\n\n<div class=\"wp-block-image\">\n<figure class=\"aligncenter size-large\"><a href=\"https:\/\/www.marcosmedina.es\/wp-content\/uploads\/2018\/12\/DESARROLLO-6.jpg\"><img loading=\"lazy\" decoding=\"async\" width=\"1920\" height=\"1458\" src=\"https:\/\/www.marcosmedina.es\/wp-content\/uploads\/2018\/12\/DESARROLLO-6-1920x1458.jpg\" alt=\"\" class=\"wp-image-5953\" srcset=\"https:\/\/www.marcosmedina.es\/wp-content\/uploads\/2018\/12\/DESARROLLO-6-1920x1458.jpg 1920w, https:\/\/www.marcosmedina.es\/wp-content\/uploads\/2018\/12\/DESARROLLO-6-940x714.jpg 940w, https:\/\/www.marcosmedina.es\/wp-content\/uploads\/2018\/12\/DESARROLLO-6-431x327.jpg 431w, https:\/\/www.marcosmedina.es\/wp-content\/uploads\/2018\/12\/DESARROLLO-6-1536x1167.jpg 1536w, https:\/\/www.marcosmedina.es\/wp-content\/uploads\/2018\/12\/DESARROLLO-6-600x456.jpg 600w, https:\/\/www.marcosmedina.es\/wp-content\/uploads\/2018\/12\/DESARROLLO-6-500x380.jpg 500w, https:\/\/www.marcosmedina.es\/wp-content\/uploads\/2018\/12\/DESARROLLO-6-1135x862.jpg 1135w, https:\/\/www.marcosmedina.es\/wp-content\/uploads\/2018\/12\/DESARROLLO-6-547x415.jpg 547w, https:\/\/www.marcosmedina.es\/wp-content\/uploads\/2018\/12\/DESARROLLO-6-290x220.jpg 290w, https:\/\/www.marcosmedina.es\/wp-content\/uploads\/2018\/12\/DESARROLLO-6.jpg 2000w, https:\/\/www.marcosmedina.es\/wp-content\/uploads\/2018\/12\/DESARROLLO-6-600x456@2x.jpg 1200w, https:\/\/www.marcosmedina.es\/wp-content\/uploads\/2018\/12\/DESARROLLO-6-547x415@2x.jpg 1094w, https:\/\/www.marcosmedina.es\/wp-content\/uploads\/2018\/12\/DESARROLLO-6-290x220@2x.jpg 580w\" sizes=\"(max-width: 799px) 94vw, (max-width: 1023px) 67vw, (max-width: 1365px) 62vw, 1037\" \/><\/a><\/figure><\/div>\n\n\n<p class=\"has-text-align-center has-small-font-size\">UNA TAZA DE CAF\u00c9<\/p>\n\n\n\n<div style=\"height:100px\" aria-hidden=\"true\" class=\"wp-block-spacer\"><\/div>\n\n\n\n<p class=\"has-text-align-center\">\u00abCUARTO DE BA\u00d1O\u00bb<\/p>\n\n\n<div class=\"wp-block-image\">\n<figure class=\"aligncenter size-large\"><a href=\"https:\/\/www.marcosmedina.es\/wp-content\/uploads\/2020\/05\/DESARROLLO-1.jpg\"><img loading=\"lazy\" decoding=\"async\" width=\"1643\" height=\"1247\" src=\"https:\/\/www.marcosmedina.es\/wp-content\/uploads\/2020\/05\/DESARROLLO-1.jpg\" alt=\"\" class=\"wp-image-5969\" srcset=\"https:\/\/www.marcosmedina.es\/wp-content\/uploads\/2020\/05\/DESARROLLO-1.jpg 1643w, https:\/\/www.marcosmedina.es\/wp-content\/uploads\/2020\/05\/DESARROLLO-1-940x713.jpg 940w, https:\/\/www.marcosmedina.es\/wp-content\/uploads\/2020\/05\/DESARROLLO-1-431x327.jpg 431w, https:\/\/www.marcosmedina.es\/wp-content\/uploads\/2020\/05\/DESARROLLO-1-1536x1166.jpg 1536w, https:\/\/www.marcosmedina.es\/wp-content\/uploads\/2020\/05\/DESARROLLO-1-600x455.jpg 600w, https:\/\/www.marcosmedina.es\/wp-content\/uploads\/2020\/05\/DESARROLLO-1-500x379.jpg 500w, https:\/\/www.marcosmedina.es\/wp-content\/uploads\/2020\/05\/DESARROLLO-1-1135x861.jpg 1135w, https:\/\/www.marcosmedina.es\/wp-content\/uploads\/2020\/05\/DESARROLLO-1-547x415.jpg 547w, https:\/\/www.marcosmedina.es\/wp-content\/uploads\/2020\/05\/DESARROLLO-1-290x220.jpg 290w, https:\/\/www.marcosmedina.es\/wp-content\/uploads\/2020\/05\/DESARROLLO-1-600x455@2x.jpg 1200w, https:\/\/www.marcosmedina.es\/wp-content\/uploads\/2020\/05\/DESARROLLO-1-547x415@2x.jpg 1094w, https:\/\/www.marcosmedina.es\/wp-content\/uploads\/2020\/05\/DESARROLLO-1-290x220@2x.jpg 580w\" sizes=\"(max-width: 799px) 94vw, (max-width: 1023px) 67vw, (max-width: 1365px) 62vw, 1037\" \/><\/a><\/figure><\/div>\n\n\n<p class=\"has-text-align-center has-small-font-size\">MAQUILLAJE<\/p>\n\n\n\n<div style=\"height:100px\" aria-hidden=\"true\" class=\"wp-block-spacer\"><\/div>\n\n\n<div class=\"wp-block-image\">\n<figure class=\"aligncenter size-large\"><a href=\"https:\/\/www.marcosmedina.es\/wp-content\/uploads\/2020\/05\/DESARROLLO-2.jpg\"><img loading=\"lazy\" decoding=\"async\" width=\"1643\" height=\"1247\" src=\"https:\/\/www.marcosmedina.es\/wp-content\/uploads\/2020\/05\/DESARROLLO-2.jpg\" alt=\"\" class=\"wp-image-5968\" srcset=\"https:\/\/www.marcosmedina.es\/wp-content\/uploads\/2020\/05\/DESARROLLO-2.jpg 1643w, https:\/\/www.marcosmedina.es\/wp-content\/uploads\/2020\/05\/DESARROLLO-2-940x713.jpg 940w, https:\/\/www.marcosmedina.es\/wp-content\/uploads\/2020\/05\/DESARROLLO-2-431x327.jpg 431w, https:\/\/www.marcosmedina.es\/wp-content\/uploads\/2020\/05\/DESARROLLO-2-1536x1166.jpg 1536w, https:\/\/www.marcosmedina.es\/wp-content\/uploads\/2020\/05\/DESARROLLO-2-600x455.jpg 600w, https:\/\/www.marcosmedina.es\/wp-content\/uploads\/2020\/05\/DESARROLLO-2-500x379.jpg 500w, https:\/\/www.marcosmedina.es\/wp-content\/uploads\/2020\/05\/DESARROLLO-2-1135x861.jpg 1135w, https:\/\/www.marcosmedina.es\/wp-content\/uploads\/2020\/05\/DESARROLLO-2-547x415.jpg 547w, https:\/\/www.marcosmedina.es\/wp-content\/uploads\/2020\/05\/DESARROLLO-2-290x220.jpg 290w, https:\/\/www.marcosmedina.es\/wp-content\/uploads\/2020\/05\/DESARROLLO-2-600x455@2x.jpg 1200w, https:\/\/www.marcosmedina.es\/wp-content\/uploads\/2020\/05\/DESARROLLO-2-547x415@2x.jpg 1094w, https:\/\/www.marcosmedina.es\/wp-content\/uploads\/2020\/05\/DESARROLLO-2-290x220@2x.jpg 580w\" sizes=\"(max-width: 799px) 94vw, (max-width: 1023px) 67vw, (max-width: 1365px) 62vw, 1037\" \/><\/a><\/figure><\/div>\n\n\n<p class=\"has-text-align-center has-small-font-size\">AFEITADO<\/p>\n\n\n\n<div style=\"height:100px\" aria-hidden=\"true\" class=\"wp-block-spacer\"><\/div>\n\n\n\n<p class=\"has-text-align-center\">\u00abSAL\u00d3N\u00bb<\/p>\n\n\n<div class=\"wp-block-image\">\n<figure class=\"aligncenter size-large\"><a href=\"https:\/\/www.marcosmedina.es\/wp-content\/uploads\/2020\/05\/DESARROLLO-1-1.jpg\"><img loading=\"lazy\" decoding=\"async\" width=\"1643\" height=\"1247\" src=\"https:\/\/www.marcosmedina.es\/wp-content\/uploads\/2020\/05\/DESARROLLO-1-1.jpg\" alt=\"\" class=\"wp-image-5971\" srcset=\"https:\/\/www.marcosmedina.es\/wp-content\/uploads\/2020\/05\/DESARROLLO-1-1.jpg 1643w, https:\/\/www.marcosmedina.es\/wp-content\/uploads\/2020\/05\/DESARROLLO-1-1-940x713.jpg 940w, https:\/\/www.marcosmedina.es\/wp-content\/uploads\/2020\/05\/DESARROLLO-1-1-431x327.jpg 431w, https:\/\/www.marcosmedina.es\/wp-content\/uploads\/2020\/05\/DESARROLLO-1-1-1536x1166.jpg 1536w, https:\/\/www.marcosmedina.es\/wp-content\/uploads\/2020\/05\/DESARROLLO-1-1-600x455.jpg 600w, https:\/\/www.marcosmedina.es\/wp-content\/uploads\/2020\/05\/DESARROLLO-1-1-500x379.jpg 500w, https:\/\/www.marcosmedina.es\/wp-content\/uploads\/2020\/05\/DESARROLLO-1-1-1135x861.jpg 1135w, https:\/\/www.marcosmedina.es\/wp-content\/uploads\/2020\/05\/DESARROLLO-1-1-547x415.jpg 547w, https:\/\/www.marcosmedina.es\/wp-content\/uploads\/2020\/05\/DESARROLLO-1-1-290x220.jpg 290w, https:\/\/www.marcosmedina.es\/wp-content\/uploads\/2020\/05\/DESARROLLO-1-1-600x455@2x.jpg 1200w, https:\/\/www.marcosmedina.es\/wp-content\/uploads\/2020\/05\/DESARROLLO-1-1-547x415@2x.jpg 1094w, https:\/\/www.marcosmedina.es\/wp-content\/uploads\/2020\/05\/DESARROLLO-1-1-290x220@2x.jpg 580w\" sizes=\"(max-width: 799px) 94vw, (max-width: 1023px) 67vw, (max-width: 1365px) 62vw, 1037\" \/><\/a><\/figure><\/div>\n\n\n<p class=\"has-text-align-center has-small-font-size\">PARTIDA DE P\u00d3KER<\/p>\n\n\n\n<div style=\"height:100px\" aria-hidden=\"true\" class=\"wp-block-spacer\"><\/div>\n\n\n<div class=\"wp-block-image\">\n<figure class=\"aligncenter size-large\"><a href=\"https:\/\/www.marcosmedina.es\/wp-content\/uploads\/2020\/05\/DESARROLLO-2-1.jpg\"><img loading=\"lazy\" decoding=\"async\" width=\"1643\" height=\"1247\" src=\"https:\/\/www.marcosmedina.es\/wp-content\/uploads\/2020\/05\/DESARROLLO-2-1.jpg\" alt=\"\" class=\"wp-image-5970\" srcset=\"https:\/\/www.marcosmedina.es\/wp-content\/uploads\/2020\/05\/DESARROLLO-2-1.jpg 1643w, https:\/\/www.marcosmedina.es\/wp-content\/uploads\/2020\/05\/DESARROLLO-2-1-940x713.jpg 940w, https:\/\/www.marcosmedina.es\/wp-content\/uploads\/2020\/05\/DESARROLLO-2-1-431x327.jpg 431w, https:\/\/www.marcosmedina.es\/wp-content\/uploads\/2020\/05\/DESARROLLO-2-1-1536x1166.jpg 1536w, https:\/\/www.marcosmedina.es\/wp-content\/uploads\/2020\/05\/DESARROLLO-2-1-600x455.jpg 600w, https:\/\/www.marcosmedina.es\/wp-content\/uploads\/2020\/05\/DESARROLLO-2-1-500x379.jpg 500w, https:\/\/www.marcosmedina.es\/wp-content\/uploads\/2020\/05\/DESARROLLO-2-1-1135x861.jpg 1135w, https:\/\/www.marcosmedina.es\/wp-content\/uploads\/2020\/05\/DESARROLLO-2-1-547x415.jpg 547w, https:\/\/www.marcosmedina.es\/wp-content\/uploads\/2020\/05\/DESARROLLO-2-1-290x220.jpg 290w, https:\/\/www.marcosmedina.es\/wp-content\/uploads\/2020\/05\/DESARROLLO-2-1-600x455@2x.jpg 1200w, https:\/\/www.marcosmedina.es\/wp-content\/uploads\/2020\/05\/DESARROLLO-2-1-547x415@2x.jpg 1094w, https:\/\/www.marcosmedina.es\/wp-content\/uploads\/2020\/05\/DESARROLLO-2-1-290x220@2x.jpg 580w\" sizes=\"(max-width: 799px) 94vw, (max-width: 1023px) 67vw, (max-width: 1365px) 62vw, 1037\" \/><\/a><\/figure><\/div>\n\n\n<p class=\"has-text-align-center has-small-font-size\">M\u00daSICA, ALCOHOL Y DROGAS<\/p>\n\n\n\n<div style=\"height:100px\" aria-hidden=\"true\" class=\"wp-block-spacer\"><\/div>\n\n\n\n<p class=\"has-text-align-center\">\u00abDORMITORIO\u00bb<\/p>\n\n\n<div class=\"wp-block-image\">\n<figure class=\"aligncenter size-large\"><a href=\"https:\/\/www.marcosmedina.es\/wp-content\/uploads\/2018\/12\/DSARROLLO-1.jpg\"><img loading=\"lazy\" decoding=\"async\" width=\"1643\" height=\"1247\" src=\"https:\/\/www.marcosmedina.es\/wp-content\/uploads\/2018\/12\/DSARROLLO-1.jpg\" alt=\"\" class=\"wp-image-6024\" srcset=\"https:\/\/www.marcosmedina.es\/wp-content\/uploads\/2018\/12\/DSARROLLO-1.jpg 1643w, https:\/\/www.marcosmedina.es\/wp-content\/uploads\/2018\/12\/DSARROLLO-1-940x713.jpg 940w, https:\/\/www.marcosmedina.es\/wp-content\/uploads\/2018\/12\/DSARROLLO-1-431x327.jpg 431w, https:\/\/www.marcosmedina.es\/wp-content\/uploads\/2018\/12\/DSARROLLO-1-1536x1166.jpg 1536w, https:\/\/www.marcosmedina.es\/wp-content\/uploads\/2018\/12\/DSARROLLO-1-600x455.jpg 600w, https:\/\/www.marcosmedina.es\/wp-content\/uploads\/2018\/12\/DSARROLLO-1-500x379.jpg 500w, https:\/\/www.marcosmedina.es\/wp-content\/uploads\/2018\/12\/DSARROLLO-1-1135x861.jpg 1135w, https:\/\/www.marcosmedina.es\/wp-content\/uploads\/2018\/12\/DSARROLLO-1-547x415.jpg 547w, https:\/\/www.marcosmedina.es\/wp-content\/uploads\/2018\/12\/DSARROLLO-1-290x220.jpg 290w, https:\/\/www.marcosmedina.es\/wp-content\/uploads\/2018\/12\/DSARROLLO-1-600x455@2x.jpg 1200w, https:\/\/www.marcosmedina.es\/wp-content\/uploads\/2018\/12\/DSARROLLO-1-547x415@2x.jpg 1094w, https:\/\/www.marcosmedina.es\/wp-content\/uploads\/2018\/12\/DSARROLLO-1-290x220@2x.jpg 580w\" sizes=\"(max-width: 799px) 94vw, (max-width: 1023px) 67vw, (max-width: 1365px) 62vw, 1037\" \/><\/a><\/figure><\/div>\n\n\n<p class=\"has-text-align-center has-small-font-size\">DORMIR<\/p>\n\n\n\n<div style=\"height:100px\" aria-hidden=\"true\" class=\"wp-block-spacer\"><\/div>\n\n\n<div class=\"wp-block-image\">\n<figure class=\"aligncenter size-large\"><a href=\"https:\/\/www.marcosmedina.es\/wp-content\/uploads\/2018\/12\/DSARROLLO-2.jpg\"><img loading=\"lazy\" decoding=\"async\" width=\"1643\" height=\"1247\" src=\"https:\/\/www.marcosmedina.es\/wp-content\/uploads\/2018\/12\/DSARROLLO-2.jpg\" alt=\"\" class=\"wp-image-6023\" srcset=\"https:\/\/www.marcosmedina.es\/wp-content\/uploads\/2018\/12\/DSARROLLO-2.jpg 1643w, https:\/\/www.marcosmedina.es\/wp-content\/uploads\/2018\/12\/DSARROLLO-2-940x713.jpg 940w, https:\/\/www.marcosmedina.es\/wp-content\/uploads\/2018\/12\/DSARROLLO-2-431x327.jpg 431w, https:\/\/www.marcosmedina.es\/wp-content\/uploads\/2018\/12\/DSARROLLO-2-1536x1166.jpg 1536w, https:\/\/www.marcosmedina.es\/wp-content\/uploads\/2018\/12\/DSARROLLO-2-600x455.jpg 600w, https:\/\/www.marcosmedina.es\/wp-content\/uploads\/2018\/12\/DSARROLLO-2-500x379.jpg 500w, https:\/\/www.marcosmedina.es\/wp-content\/uploads\/2018\/12\/DSARROLLO-2-1135x861.jpg 1135w, https:\/\/www.marcosmedina.es\/wp-content\/uploads\/2018\/12\/DSARROLLO-2-547x415.jpg 547w, https:\/\/www.marcosmedina.es\/wp-content\/uploads\/2018\/12\/DSARROLLO-2-290x220.jpg 290w, https:\/\/www.marcosmedina.es\/wp-content\/uploads\/2018\/12\/DSARROLLO-2-600x455@2x.jpg 1200w, https:\/\/www.marcosmedina.es\/wp-content\/uploads\/2018\/12\/DSARROLLO-2-547x415@2x.jpg 1094w, https:\/\/www.marcosmedina.es\/wp-content\/uploads\/2018\/12\/DSARROLLO-2-290x220@2x.jpg 580w\" sizes=\"(max-width: 799px) 94vw, (max-width: 1023px) 67vw, (max-width: 1365px) 62vw, 1037\" \/><\/a><\/figure><\/div>\n\n\n<p class=\"has-text-align-center has-small-font-size\">SEXO<\/p>\n","protected":false},"excerpt":{"rendered":"<p>Esta serie muestra el proceso de posibles tareas cotidianas en las diferentes estancias de una vivienda a trav\u00e9s de los &hellip; <a href=\"https:\/\/www.marcosmedina.es\/?page_id=5987\" class=\"more-link\"><span class=\"more-button\">Continue reading &gt;<span class=\"screen-reader-text\">DESARROLLO DE LO COTIDIANO<\/span><\/span><\/a><\/p>\n","protected":false},"author":1,"featured_media":0,"parent":0,"menu_order":0,"comment_status":"closed","ping_status":"closed","template":"","meta":{"footnotes":""},"class_list":["post-5987","page","type-page","status-publish","hentry"],"acf":[],"_links":{"self":[{"href":"https:\/\/www.marcosmedina.es\/index.php?rest_route=\/wp\/v2\/pages\/5987"}],"collection":[{"href":"https:\/\/www.marcosmedina.es\/index.php?rest_route=\/wp\/v2\/pages"}],"about":[{"href":"https:\/\/www.marcosmedina.es\/index.php?rest_route=\/wp\/v2\/types\/page"}],"author":[{"embeddable":true,"href":"https:\/\/www.marcosmedina.es\/index.php?rest_route=\/wp\/v2\/users\/1"}],"replies":[{"embeddable":true,"href":"https:\/\/www.marcosmedina.es\/index.php?rest_route=%2Fwp%2Fv2%2Fcomments&post=5987"}],"version-history":[{"count":20,"href":"https:\/\/www.marcosmedina.es\/index.php?rest_route=\/wp\/v2\/pages\/5987\/revisions"}],"predecessor-version":[{"id":8948,"href":"https:\/\/www.marcosmedina.es\/index.php?rest_route=\/wp\/v2\/pages\/5987\/revisions\/8948"}],"wp:attachment":[{"href":"https:\/\/www.marcosmedina.es\/index.php?rest_route=%2Fwp%2Fv2%2Fmedia&parent=5987"}],"curies":[{"name":"wp","href":"https:\/\/api.w.org\/{rel}","templated":true}]}}