{"id":6681,"date":"2021-10-22T23:02:24","date_gmt":"2021-10-22T23:02:24","guid":{"rendered":"http:\/\/marcosmedina.es\/?page_id=6681"},"modified":"2025-01-26T18:01:44","modified_gmt":"2025-01-26T18:01:44","slug":"clientes","status":"publish","type":"page","link":"https:\/\/www.marcosmedina.es\/?page_id=6681","title":{"rendered":"CLIENTES"},"content":{"rendered":"\n<p><\/p>\n\n\n\n<p><\/p>\n\n\n<div class=\"wp-block-image\">\n<figure class=\"aligncenter size-full is-resized\"><img loading=\"lazy\" decoding=\"async\" width=\"895\" height=\"2360\" src=\"http:\/\/www.marcosmedina.es\/wp-content\/uploads\/2024\/07\/LOGOS.jpg\" alt=\"\" class=\"wp-image-7763\" style=\"width:577px;height:auto\" srcset=\"https:\/\/www.marcosmedina.es\/wp-content\/uploads\/2024\/07\/LOGOS.jpg 895w, https:\/\/www.marcosmedina.es\/wp-content\/uploads\/2024\/07\/LOGOS-431x1136.jpg 431w, https:\/\/www.marcosmedina.es\/wp-content\/uploads\/2024\/07\/LOGOS-583x1536.jpg 583w, https:\/\/www.marcosmedina.es\/wp-content\/uploads\/2024\/07\/LOGOS-777x2048.jpg 777w, https:\/\/www.marcosmedina.es\/wp-content\/uploads\/2024\/07\/LOGOS-600x1582.jpg 600w, https:\/\/www.marcosmedina.es\/wp-content\/uploads\/2024\/07\/LOGOS-190x500.jpg 190w, https:\/\/www.marcosmedina.es\/wp-content\/uploads\/2024\/07\/LOGOS-547x1442.jpg 547w, https:\/\/www.marcosmedina.es\/wp-content\/uploads\/2024\/07\/LOGOS-290x765.jpg 290w, https:\/\/www.marcosmedina.es\/wp-content\/uploads\/2024\/07\/LOGOS-290x765@2x.jpg 580w\" sizes=\"(max-width: 799px) 94vw, (max-width: 1023px) 67vw, (max-width: 1365px) 62vw, 1037\" \/><\/figure><\/div>\n\n\n<p><\/p>\n\n\n\n<pre class=\"wp-block-preformatted has-normal-font-size\"> RTVE, Escuela ME, Escuela CELAMA (UCA), BFA (Ballet Flamenco de andaluc\u00eda), Patricia Guerrero, En Directo FT, European Travel Commission, Pilar Albarrac\u00edn, Loren Pallatier, RANNA Consultor\u00eda, La Mirada Obl\u00edcua, Camino Libre &amp; Magic, NAVANTIA, XL Producciones, EXTV, Canal Deporte TV, Canal Sur Televisi\u00f3n, Ediciones Senador, Sony Music, Universal, Warner Music Spain, Piporcha, El Volc\u00e1n M\u00fasica, Junta de Extremadura, Junta de Andaluc\u00eda, C\u00e1mara de Comercio de Badajoz, Diputaci\u00f3n de Badajoz, Diputaci\u00f3n de C\u00e1ceres, Diputaci\u00f3n de Salamanca, Ayuntamiento de Badajoz, Ayuntamiento de C\u00e1diz, EnEfecto 3D, Inmobiliaria OSUNA, Resort Villas Andaluc\u00eda, Galifarma, USISA, WELLA, Kadus, Spagnolo, Nekenia, Cayma, Eywa Coraz\u00f3n, Aurora Gavi\u00f1o, Inma Castrej\u00f3n, Manuela Carballo, Nazaret Nieto ...<\/pre>\n","protected":false},"excerpt":{"rendered":"<p>RTVE, Escuela ME, Escuela CELAMA (UCA), BFA (Ballet Flamenco de andaluc\u00eda), Patricia Guerrero, En Directo FT, European Travel Commission, Pilar &hellip; <a href=\"https:\/\/www.marcosmedina.es\/?page_id=6681\" class=\"more-link\"><span class=\"more-button\">Continue reading &gt;<span class=\"screen-reader-text\">CLIENTES<\/span><\/span><\/a><\/p>\n","protected":false},"author":1,"featured_media":0,"parent":0,"menu_order":0,"comment_status":"closed","ping_status":"closed","template":"","meta":{"footnotes":""},"class_list":["post-6681","page","type-page","status-publish","hentry"],"acf":[],"_links":{"self":[{"href":"https:\/\/www.marcosmedina.es\/index.php?rest_route=\/wp\/v2\/pages\/6681"}],"collection":[{"href":"https:\/\/www.marcosmedina.es\/index.php?rest_route=\/wp\/v2\/pages"}],"about":[{"href":"https:\/\/www.marcosmedina.es\/index.php?rest_route=\/wp\/v2\/types\/page"}],"author":[{"embeddable":true,"href":"https:\/\/www.marcosmedina.es\/index.php?rest_route=\/wp\/v2\/users\/1"}],"replies":[{"embeddable":true,"href":"https:\/\/www.marcosmedina.es\/index.php?rest_route=%2Fwp%2Fv2%2Fcomments&post=6681"}],"version-history":[{"count":24,"href":"https:\/\/www.marcosmedina.es\/index.php?rest_route=\/wp\/v2\/pages\/6681\/revisions"}],"predecessor-version":[{"id":8957,"href":"https:\/\/www.marcosmedina.es\/index.php?rest_route=\/wp\/v2\/pages\/6681\/revisions\/8957"}],"wp:attachment":[{"href":"https:\/\/www.marcosmedina.es\/index.php?rest_route=%2Fwp%2Fv2%2Fmedia&parent=6681"}],"curies":[{"name":"wp","href":"https:\/\/api.w.org\/{rel}","templated":true}]}}