{"id":7286,"date":"2022-09-04T11:53:12","date_gmt":"2022-09-04T11:53:12","guid":{"rendered":"http:\/\/marcosmedina.es\/?page_id=7286"},"modified":"2026-04-26T20:34:34","modified_gmt":"2026-04-26T20:34:34","slug":"contact-2","status":"publish","type":"page","link":"https:\/\/www.marcosmedina.es\/?page_id=7286","title":{"rendered":"CONTACTO"},"content":{"rendered":"\n<p class=\"has-normal-font-size\"><\/p>\n\n\n<div class=\"wp-block-image\">\n<figure class=\"aligncenter size-full is-resized\"><img loading=\"lazy\" decoding=\"async\" width=\"750\" height=\"750\" src=\"https:\/\/www.marcosmedina.es\/wp-content\/uploads\/2025\/08\/MARCOS-MEDINA-Portrait-2025-1-WEB.jpg\" alt=\"\" class=\"wp-image-9068\" style=\"width:1113px;height:auto\" srcset=\"https:\/\/www.marcosmedina.es\/wp-content\/uploads\/2025\/08\/MARCOS-MEDINA-Portrait-2025-1-WEB.jpg 750w, https:\/\/www.marcosmedina.es\/wp-content\/uploads\/2025\/08\/MARCOS-MEDINA-Portrait-2025-1-WEB-431x431.jpg 431w, https:\/\/www.marcosmedina.es\/wp-content\/uploads\/2025\/08\/MARCOS-MEDINA-Portrait-2025-1-WEB-666x666.jpg 666w, https:\/\/www.marcosmedina.es\/wp-content\/uploads\/2025\/08\/MARCOS-MEDINA-Portrait-2025-1-WEB-150x150.jpg 150w, https:\/\/www.marcosmedina.es\/wp-content\/uploads\/2025\/08\/MARCOS-MEDINA-Portrait-2025-1-WEB-120x120.jpg 120w, https:\/\/www.marcosmedina.es\/wp-content\/uploads\/2025\/08\/MARCOS-MEDINA-Portrait-2025-1-WEB-150x150@2x.jpg 300w, https:\/\/www.marcosmedina.es\/wp-content\/uploads\/2025\/08\/MARCOS-MEDINA-Portrait-2025-1-WEB-120x120@2x.jpg 240w\" sizes=\"(max-width: 750px) 100vw, 750px\" \/><\/figure><\/div>\n\n\n<p><\/p>\n\n\n\n<p class=\"has-text-align-left has-midsmall-font-size\"><br>Fot\u00f3grafo y director creativo con sede en C\u00e1diz y Sevilla (Espa\u00f1a)<\/p>\n\n\n\n<p class=\"has-text-align-left\" style=\"font-size:22px\">Representado por la galer\u00eda <a href=\"https:\/\/www.omorfia.es\">Omorfia<\/a>.   <strong><a href=\"mailto:artgallery@omorfia.es\">artgallery@omorfia.es<\/a><\/strong>  <strong>+34 956 100 103<\/strong><\/p>\n\n\n\n<p class=\"has-text-align-left\" style=\"font-size:22px\">Contacto directo: <a href=\"mailto:outreach@marcosmedina.es\">outreach@marcosmedina.es<\/a>  o <a href=\"mailto:contact@marcosmedina.es\"><strong>contact@marcosmedina.es<\/strong><\/a><\/p>\n\n\n\n<p class=\"has-text-align-left\" style=\"font-size:22px\"><\/p>\n\n\n\n<figure class=\"wp-block-image size-full is-resized\"><img loading=\"lazy\" decoding=\"async\" width=\"1050\" height=\"600\" src=\"https:\/\/www.marcosmedina.es\/wp-content\/uploads\/2026\/02\/MEMBERSHIP-CARD-IPA.jpg\" alt=\"\" class=\"wp-image-9595\" style=\"width:340px;height:auto\" srcset=\"https:\/\/www.marcosmedina.es\/wp-content\/uploads\/2026\/02\/MEMBERSHIP-CARD-IPA.jpg 1050w, https:\/\/www.marcosmedina.es\/wp-content\/uploads\/2026\/02\/MEMBERSHIP-CARD-IPA-940x537.jpg 940w, https:\/\/www.marcosmedina.es\/wp-content\/uploads\/2026\/02\/MEMBERSHIP-CARD-IPA-431x246.jpg 431w\" sizes=\"(max-width: 799px) 94vw, (max-width: 1023px) 67vw, (max-width: 1365px) 62vw, 1037\" \/><\/figure>\n\n\n\n<p class=\"has-text-align-left has-midsmall-font-size\"><br>Rota, C\u00e1diz, Espa\u00f1a. <\/p>\n\n\n\n<p class=\"has-text-align-left has-midsmall-font-size\">Mi trabajo est\u00e1 vinculado a la exploraci\u00f3n creativa y a la b\u00fasqueda de nuevas formas de expresi\u00f3n a trav\u00e9s de la imagen, y se sit\u00faa entre la fotograf\u00eda conceptual y art\u00edstica, con un enfoque centrado en la identidad, la memoria y la relaci\u00f3n entre el ser humano y su entorno.<\/p>\n\n\n\n<p>A lo largo de mi carrera he trabajado en \u00e1mbitos como la publicidad, la moda, la arquitectura, las artes esc\u00e9nicas y la m\u00fasica, desarrollando un lenguaje visual propio basado en la geometr\u00eda, el minimalismo y las met\u00e1foras visuales.<\/p>\n\n\n\n<p class=\"has-text-align-left has-midsmall-font-size\">Muchos de mis proyectos se han expuesto en Espa\u00f1a, Suecia, Portugal y M\u00e9xico, y he sido destacado en diversas publicaciones editoriales y concursos especializados a nivel internacional, como el Sony World Photography Awards (finalista en la categor\u00eda Objetos 2024), el Siena Creative Photo Awards 2025 y 2026 (finalista en la categor\u00eda Art\u00edstica) o el International Photo Awards 2025 IPA (menci\u00f3n honor\u00edfica en la categor\u00eda profesional de retrato anal\u00f3gico).<\/p>\n\n\n\n<p>He plasmado mi enfoque y visi\u00f3n en mi primer libro <a href=\"https:\/\/www.marcosmedina.es\/?page_id=6254arcosmedina.es\/?page_id=6254\" target=\"_blank\" rel=\"noreferrer noopener\">\u201cPensamiento tangible\u201d<\/a>, en sus dos ediciones<\/p>\n","protected":false},"excerpt":{"rendered":"<p>Fot\u00f3grafo y director creativo con sede en C\u00e1diz y Sevilla (Espa\u00f1a) Representado por la galer\u00eda Omorfia. artgallery@omorfia.es +34 956 100 &hellip; <a href=\"https:\/\/www.marcosmedina.es\/?page_id=7286\" class=\"more-link\"><span class=\"more-button\">Continue reading &gt;<span class=\"screen-reader-text\">CONTACTO<\/span><\/span><\/a><\/p>\n","protected":false},"author":1,"featured_media":0,"parent":0,"menu_order":0,"comment_status":"closed","ping_status":"closed","template":"","meta":{"footnotes":""},"class_list":["post-7286","page","type-page","status-publish","hentry"],"acf":[],"_links":{"self":[{"href":"https:\/\/www.marcosmedina.es\/index.php?rest_route=\/wp\/v2\/pages\/7286"}],"collection":[{"href":"https:\/\/www.marcosmedina.es\/index.php?rest_route=\/wp\/v2\/pages"}],"about":[{"href":"https:\/\/www.marcosmedina.es\/index.php?rest_route=\/wp\/v2\/types\/page"}],"author":[{"embeddable":true,"href":"https:\/\/www.marcosmedina.es\/index.php?rest_route=\/wp\/v2\/users\/1"}],"replies":[{"embeddable":true,"href":"https:\/\/www.marcosmedina.es\/index.php?rest_route=%2Fwp%2Fv2%2Fcomments&post=7286"}],"version-history":[{"count":86,"href":"https:\/\/www.marcosmedina.es\/index.php?rest_route=\/wp\/v2\/pages\/7286\/revisions"}],"predecessor-version":[{"id":9614,"href":"https:\/\/www.marcosmedina.es\/index.php?rest_route=\/wp\/v2\/pages\/7286\/revisions\/9614"}],"wp:attachment":[{"href":"https:\/\/www.marcosmedina.es\/index.php?rest_route=%2Fwp%2Fv2%2Fmedia&parent=7286"}],"curies":[{"name":"wp","href":"https:\/\/api.w.org\/{rel}","templated":true}]}}